{"id":28718,"date":"2024-11-22T17:02:37","date_gmt":"2024-11-22T16:02:37","guid":{"rendered":"https:\/\/tierschutz.dachau.net\/?post_type=project&#038;p=28718"},"modified":"2024-12-28T17:06:54","modified_gmt":"2024-12-28T16:06:54","slug":"emil","status":"publish","type":"project","link":"https:\/\/tierschutz.dachau.net\/?project=emil","title":{"rendered":"Emil"},"content":{"rendered":"<p>[et_pb_section fb_built=&#8220;1&#8243; admin_label=&#8220;Hero Section&#8220; _builder_version=&#8220;4.27.0&#8243; background_color=&#8220;RGBA(255,255,255,0)&#8220; custom_padding=&#8220;80px|0px|80px|0px&#8220; animation_style=&#8220;slide&#8220; animation_direction=&#8220;top&#8220; animation_intensity_slide=&#8220;2%&#8220; animation_starting_opacity=&#8220;100%&#8220; locked=&#8220;off&#8220; global_colors_info=&#8220;{}&#8220;][et_pb_row column_structure=&#8220;1_2,1_2&#8243; _builder_version=&#8220;4.27.0&#8243; background_size=&#8220;initial&#8220; background_position=&#8220;top_left&#8220; background_repeat=&#8220;repeat&#8220; custom_padding=&#8220;|||&#8220; custom_width_px=&#8220;1440px&#8220; global_colors_info=&#8220;{}&#8220;][et_pb_column type=&#8220;1_2&#8243; _builder_version=&#8220;4.16&#8243; custom_padding=&#8220;|||&#8220; global_colors_info=&#8220;{}&#8220; custom_padding__hover=&#8220;|||&#8220;][et_pb_text _builder_version=&#8220;4.27.4&#8243; text_font=&#8220;||||||||&#8220; header_font=&#8220;Playfair Display|700|||||||&#8220; header_text_color=&#8220;#ffffff&#8220; header_font_size=&#8220;60px&#8220; header_line_height=&#8220;1.5em&#8220; header_2_font=&#8220;||||||||&#8220; header_3_font=&#8220;||||||||&#8220; header_4_font=&#8220;||||||||&#8220; header_5_font=&#8220;||||||||&#8220; header_6_font=&#8220;||||||||&#8220; background_size=&#8220;initial&#8220; background_position=&#8220;top_left&#8220; background_repeat=&#8220;repeat&#8220; text_orientation=&#8220;center&#8220; module_alignment=&#8220;center&#8220; custom_margin=&#8220;||20px|&#8220; hover_enabled=&#8220;0&#8243; locked=&#8220;off&#8220; inline_fonts=&#8220;Arial&#8220; global_colors_info=&#8220;{}&#8220; sticky_enabled=&#8220;0&#8243;]<\/p>\n<h1><span style=\"color: #000000; font-family: Arial;\">Emil<\/span><\/h1>\n<p>[\/et_pb_text][et_pb_divider color=&#8220;#f7d584&#8243; divider_weight=&#8220;3px&#8220; disabled_on=&#8220;on|on|off&#8220; _builder_version=&#8220;4.16&#8243; max_width=&#8220;80px&#8220; module_alignment=&#8220;center&#8220; height=&#8220;10px&#8220; custom_margin=&#8220;||20px|&#8220; animation_style=&#8220;slide&#8220; animation_direction=&#8220;bottom&#8220; saved_tabs=&#8220;all&#8220; locked=&#8220;off&#8220; global_colors_info=&#8220;{}&#8220;][\/et_pb_divider][\/et_pb_column][et_pb_column type=&#8220;1_2&#8243; _builder_version=&#8220;4.27.0&#8243; _module_preset=&#8220;default&#8220; global_colors_info=&#8220;{}&#8220;][et_pb_image src=&#8220;https:\/\/tierschutz.dachau.net\/tsvdah2\/wp-content\/uploads\/2024\/11\/Emil-484&#215;1024.jpg&#8220; title_text=&#8220;Emil&#8220; _builder_version=&#8220;4.27.3&#8243; _module_preset=&#8220;default&#8220; filter_saturate=&#8220;118%&#8220; filter_brightness=&#8220;117%&#8220; border_radii=&#8220;on|20px|20px|20px|20px&#8220; global_colors_info=&#8220;{}&#8220;][\/et_pb_image][\/et_pb_column][\/et_pb_row][et_pb_row _builder_version=&#8220;4.27.0&#8243; _module_preset=&#8220;default&#8220; background_color=&#8220;#FFFFFF&#8220; global_colors_info=&#8220;{}&#8220;][et_pb_column type=&#8220;4_4&#8243; _builder_version=&#8220;4.27.0&#8243; _module_preset=&#8220;default&#8220; global_colors_info=&#8220;{}&#8220;][dvmd_table_maker tbl_stripes_active=&#8220;on&#8220; tbl_stripes_effect=&#8220;blend&#8220; _builder_version=&#8220;4.27.3&#8243; _dynamic_attributes=&#8220;tbl_title_text&#8220; _module_preset=&#8220;default&#8220; global_colors_info=&#8220;{}&#8220;][dvmd_table_maker_item col_label=&#8220;Feldbeschriftungen&#8220; col_content=&#8220;<br \/>\nName:<br \/>\nGeschlecht:<br \/>\nWurftag:<br \/>\nKastriert:<br \/>\nBesonderheit:<br \/>\nHaltung:&#8220; col_column_max_width=&#8220;0.3fr&#8220; col_column_min_width=&#8220;137px&#8220; col_icon_type=&#8220;&#x47;||divi||400&#8243; _builder_version=&#8220;4.27.3&#8243; _module_preset=&#8220;default&#8220; global_colors_info=&#8220;{}&#8220;][\/dvmd_table_maker_item][dvmd_table_maker_item col_label=&#8220;Eingabedaten Tier&#8220; col_content=&#8220;Eckdaten zu Emil<br \/>\nEmil<br \/>\nm\u00e4nnlich<br \/>\n10.03.2018<br \/>\nja<br \/>\nAufgrund einer Futtermittelallergie ben\u00f6tigt er spezielles Futter<br \/>\nWohnungskatze&#8220; col_chead_cell_color=&#8220;#a2c516&#8243; _builder_version=&#8220;4.27.3&#8243; _module_preset=&#8220;default&#8220; global_colors_info=&#8220;{}&#8220;][\/dvmd_table_maker_item][\/dvmd_table_maker][\/et_pb_column][\/et_pb_row][\/et_pb_section][et_pb_section fb_built=&#8220;1&#8243; _builder_version=&#8220;4.27.0&#8243; _module_preset=&#8220;default&#8220; global_colors_info=&#8220;{}&#8220;][et_pb_row _builder_version=&#8220;4.27.0&#8243; _module_preset=&#8220;default&#8220; custom_padding=&#8220;||0px|0px||&#8220; global_colors_info=&#8220;{}&#8220;][et_pb_column type=&#8220;4_4&#8243; _builder_version=&#8220;4.27.0&#8243; _module_preset=&#8220;default&#8220; global_colors_info=&#8220;{}&#8220;][et_pb_text _builder_version=&#8220;4.27.3&#8243; _module_preset=&#8220;default&#8220; width=&#8220;100%&#8220; custom_margin=&#8220;||-111px|||&#8220; custom_padding=&#8220;5px||60px|||&#8220; inline_fonts=&#8220;Arial&#8220; global_colors_info=&#8220;{}&#8220;]<\/p>\n<h2><strong>Emil \u2013 Ein tapferer K\u00e4mpfer mit gro\u00dfem Herz sucht ein liebevolles Zuhause<\/strong><\/h2>\n<p>&nbsp;<\/p>\n<p><span style=\"font-size: large;\">Emil, geboren am 10.03.2018, hat in seinem Leben schon einiges durchmachen m\u00fcssen. Der kastrierte Kater kam zu uns, nachdem er von einem Auto angefahren wurde und seine Besitzer die notwendigen OP-Kosten nicht tragen konnten. Doch Emil hat seinen Lebenswillen nie verloren und zeigt, was f\u00fcr ein K\u00e4mpfer er ist.<\/span><\/p>\n<h4><strong><span style=\"font-size: large;\">Ein Herz aus Gold und eine starke Seele<\/span><\/strong><\/h4>\n<p><span style=\"font-size: large;\">Nach einer aufwendigen Operation, bei der zwei Implantate in seinen Hinterlauf eingesetzt wurden, hat Emil seine Zeit der Boxenruhe geduldig \u00fcberstanden. Mittlerweile kann er wieder gut laufen und genie\u00dft seine neue Bewegungsfreiheit. Beim Nachr\u00f6ntgen zeigte sich, dass die Implantate in ca. 6 Monaten entfernt werden k\u00f6nnen \u2013 bis dahin braucht Emil keine besonderen Einschr\u00e4nkungen, sondern nur ein liebevolles Umfeld.<\/span><\/p>\n<h4><strong><span style=\"font-size: large;\">Ein verschmuster Kater mit besonderen Bed\u00fcrfnissen<\/span><\/strong><\/h4>\n<p><span style=\"font-size: large;\">Emil ist ein \u00e4u\u00dferst verschmuster und menschenbezogener Kater, der jede Streicheleinheit dankbar annimmt. Seine liebenswerte Art wird Sie schnell in seinen Bann ziehen. Aufgrund einer Futtermittelallergie ben\u00f6tigt Emil spezielles Futter, das ihm jedoch keine weiteren Einschr\u00e4nkungen im Alltag bereitet.<\/span><\/p>\n<h4><strong><span style=\"font-size: large;\">Ein Zuhause f\u00fcr einen besonderen Kater<\/span><\/strong><\/h4>\n<p><span style=\"font-size: large;\">F\u00fcr Emil suchen wir ein Zuhause, in dem er die Liebe und F\u00fcrsorge bekommt, die er verdient. Seine neuen Menschen sollten bereit sein, ihm weiterhin das Spezialfutter bereitzustellen und ihm die Sicherheit zu geben, die er nach seinen schwierigen Erlebnissen so sehr sch\u00e4tzt.<\/span><\/p>\n<p><span style=\"font-size: large;\">Wenn Sie bereit sind, Emil ein neues Kapitel voller Geborgenheit und Zuneigung zu schenken, freuen wir uns, von Ihnen zu h\u00f6ren. Emil ist bereit, Ihnen mit seinem gro\u00dfen Herzen unendlich viel Liebe zur\u00fcckzugeben.<\/span><\/p>\n<p><strong><span style=\"font-size: large;\">Kontaktieren Sie uns \u2013 Emil wartet darauf, Ihr Leben mit seiner verschmusten Art zu bereichern.<\/span><\/strong><\/p>\n<p><strong><span style=\"font-family: Arial;\"><span style=\"font-weight: normal; font-size: large;\">\u00a0<\/span><\/span><\/strong><\/p>\n<h4><strong><span style=\"font-family: Arial;\"><span style=\"font-weight: normal; font-size: large;\"><br \/><\/span><\/span><\/strong><strong><span style=\"font-family: Arial;\"><span style=\"font-weight: normal; font-size: large;\"><br \/><\/span><\/span><\/strong><\/h4>\n<p>&nbsp;<\/p>\n<p>&nbsp;<\/p>\n<p>&nbsp;<\/p>\n<p>[\/et_pb_text][\/et_pb_column][\/et_pb_row][\/et_pb_section][et_pb_section fb_built=&#8220;1&#8243; _builder_version=&#8220;4.27.0&#8243; _module_preset=&#8220;default&#8220; background_color=&#8220;#a2c516&#8243; background_image=&#8220;https:\/\/tierschutz.dachau.net\/tsvdah2\/wp-content\/uploads\/2024\/09\/tierschutzverein-dachau-web3.jpg&#8220; background_position=&#8220;top_left&#8220; global_module=&#8220;1212&#8243; saved_tabs=&#8220;all&#8220; global_colors_info=&#8220;{}&#8220;][et_pb_row _builder_version=&#8220;4.27.0&#8243; _module_preset=&#8220;default&#8220; global_colors_info=&#8220;{}&#8220;][et_pb_column type=&#8220;4_4&#8243; _builder_version=&#8220;4.27.0&#8243; _module_preset=&#8220;default&#8220; global_colors_info=&#8220;{}&#8220;][et_pb_button button_url=&#8220;@ET-DC@eyJkeW5hbWljIjp0cnVlLCJjb250ZW50IjoicG9zdF9saW5rX3VybF9wYWdlIiwic2V0dGluZ3MiOnsicG9zdF9pZCI6IjE5MzgifX0=@&#8220; button_text=&#8220;Jetzt Termin vereinbaren&#8220; button_alignment=&#8220;center&#8220; _builder_version=&#8220;4.27.3&#8243; _dynamic_attributes=&#8220;button_url&#8220; _module_preset=&#8220;default&#8220; custom_margin=&#8220;400px||||false|false&#8220; global_colors_info=&#8220;{}&#8220;][\/et_pb_button][\/et_pb_column][\/et_pb_row][\/et_pb_section]<\/p>\n","protected":false},"excerpt":{"rendered":"<p>Emil<div class=\"et_pb_module dvmd_table_maker dvmd_table_maker_0 dvmd_tm_version_3_1_2\">\n\t\t\t\t\n\t\t\t\t\n\t\t\t\t\n\t\t\t\t\n\t\t\t\t\n\t\t\t\t\n\t\t\t\t<div class=\"et_pb_module_inner\">\n\t\t\t\t\t<div\n                    role=\"table\"\n                    class=\"dvmd_tm_table dvmd_preload dvmd_tm_max_width_980 dvmd_tm_breakby_column dvmd_tm_blocks\"\n                    \n                    \n                    aria-rowcount=\"2\"\n                    aria-colcount=\"1\">\n                        <div class=\"dvmd_tm_tblock dvmd_tm_tblock_0 dvmd_tm_cblock\" role=\"rowgroup\">\n                        <div class=\"dvmd_tm_trow dvmd_tm_trow_0\" role=\"row\" aria-rowindex=\"1\"><div aria-colindex=\"1\" aria-rowindex=\"1\" role=\"columnheader\" class=\"dvmd_table_maker_item_0 dvmd_tm_tcell dvmd_tm_rhead dvmd_tm_col_0 dvmd_tm_row_0 dvmd_tm_col_first dvmd_tm_row_first dvmd_tm_col_odd dvmd_tm_row_odd \"><div class=\"dvmd_tm_cdata\">Name: Geschlecht: Wurftag: Kastriert: Besonderheit: Haltung:<\/div><\/div>\n<\/div><div class=\"dvmd_tm_trow dvmd_tm_trow_1\" role=\"row\" aria-rowindex=\"2\"><div aria-colindex=\"1\" aria-rowindex=\"2\" role=\"cell\" class=\"dvmd_table_maker_item_1 dvmd_tm_tcell dvmd_tm_tdata dvmd_tm_col_1 dvmd_tm_row_0 dvmd_tm_col_last dvmd_tm_row_first dvmd_tm_col_even dvmd_tm_row_odd \"><div class=\"dvmd_tm_cdata\">Eckdaten zu Emil Emil m&auml;nnlich 10.03.2018 ja Aufgrund einer Futtermittelallergie ben&ouml;tigt er spezielles Futter Wohnungskatze<\/div><\/div>\n<\/div>\n                    <\/div>\n                <\/div>\n\t\t\t\t<\/div>\n\t\t\t<\/div>Emil \u2013 Ein tapferer K\u00e4mpfer mit gro\u00dfem Herz sucht ein liebevolles Zuhause &nbsp; Emil, [&hellip;]<\/p>\n","protected":false},"author":9,"featured_media":28731,"comment_status":"closed","ping_status":"closed","template":"","meta":{"_et_pb_use_builder":"on","_et_pb_old_content":"","_et_gb_content_width":"","inline_featured_image":false,"footnotes":""},"project_category":[39],"project_tag":[31],"class_list":["post-28718","project","type-project","status-publish","has-post-thumbnail","hentry","project_category-vermittelt","project_tag-wohnungskatze"],"_links":{"self":[{"href":"https:\/\/tierschutz.dachau.net\/index.php?rest_route=\/wp\/v2\/project\/28718","targetHints":{"allow":["GET"]}}],"collection":[{"href":"https:\/\/tierschutz.dachau.net\/index.php?rest_route=\/wp\/v2\/project"}],"about":[{"href":"https:\/\/tierschutz.dachau.net\/index.php?rest_route=\/wp\/v2\/types\/project"}],"author":[{"embeddable":true,"href":"https:\/\/tierschutz.dachau.net\/index.php?rest_route=\/wp\/v2\/users\/9"}],"replies":[{"embeddable":true,"href":"https:\/\/tierschutz.dachau.net\/index.php?rest_route=%2Fwp%2Fv2%2Fcomments&post=28718"}],"version-history":[{"count":10,"href":"https:\/\/tierschutz.dachau.net\/index.php?rest_route=\/wp\/v2\/project\/28718\/revisions"}],"predecessor-version":[{"id":28806,"href":"https:\/\/tierschutz.dachau.net\/index.php?rest_route=\/wp\/v2\/project\/28718\/revisions\/28806"}],"wp:featuredmedia":[{"embeddable":true,"href":"https:\/\/tierschutz.dachau.net\/index.php?rest_route=\/wp\/v2\/media\/28731"}],"wp:attachment":[{"href":"https:\/\/tierschutz.dachau.net\/index.php?rest_route=%2Fwp%2Fv2%2Fmedia&parent=28718"}],"wp:term":[{"taxonomy":"project_category","embeddable":true,"href":"https:\/\/tierschutz.dachau.net\/index.php?rest_route=%2Fwp%2Fv2%2Fproject_category&post=28718"},{"taxonomy":"project_tag","embeddable":true,"href":"https:\/\/tierschutz.dachau.net\/index.php?rest_route=%2Fwp%2Fv2%2Fproject_tag&post=28718"}],"curies":[{"name":"wp","href":"https:\/\/api.w.org\/{rel}","templated":true}]}}

<p>[et_pb_section fb_built=&#8220;1&#8243; admin_label=&#8220;Hero Section&#8220; _builder_version=&#8220;4.27.0&#8243; background_color=&#8220;RGBA(255,255,255,0)&#8220; custom_padding=&#8220;80px|0px|80px|0px&#8220; animation_style=&#8220;slide&#8220; animation_direction=&#8220;top&#8220; animation_intensity_slide=&#8220;2%&#8220; animation_starting_opacity=&#8220;100%&#8220; locked=&#8220;off&#8220; global_colors_info=&#8220;{}&#8220;][et_pb_row column_structure=&#8220;1_2,1_2&#8243; _builder_version=&#8220;4.27.0&#8243; background_size=&#8220;initial&#8220; background_position=&#8220;top_left&#8220; background_repeat=&#8220;repeat&#8220; custom_padding=&#8220;|||&#8220; custom_width_px=&#8220;1440px&#8220; global_colors_info=&#8220;{}&#8220;][et_pb_column type=&#8220;1_2&#8243; _builder_version=&#8220;4.16&#8243; custom_padding=&#8220;|||&#8220; global_colors_info=&#8220;{}&#8220; custom_padding__hover=&#8220;|||&#8220;][et_pb_text _builder_version=&#8220;4.27.4&#8243; text_font=&#8220;||||||||&#8220; header_font=&#8220;Playfair Display|700|||||||&#8220; header_text_color=&#8220;#ffffff&#8220; header_font_size=&#8220;60px&#8220; header_line_height=&#8220;1.5em&#8220; header_2_font=&#8220;||||||||&#8220; header_3_font=&#8220;||||||||&#8220; header_4_font=&#8220;||||||||&#8220; header_5_font=&#8220;||||||||&#8220; header_6_font=&#8220;||||||||&#8220; background_size=&#8220;initial&#8220; background_position=&#8220;top_left&#8220; background_repeat=&#8220;repeat&#8220; text_orientation=&#8220;center&#8220; module_alignment=&#8220;center&#8220; custom_margin=&#8220;||20px|&#8220; hover_enabled=&#8220;0&#8243; locked=&#8220;off&#8220; inline_fonts=&#8220;Arial&#8220; global_colors_info=&#8220;{}&#8220; sticky_enabled=&#8220;0&#8243;]</p>
<h1><span style="color: #000000; font-family: Arial;">Emil</span></h1>
<p>[/et_pb_text][et_pb_divider color=&#8220;#f7d584&#8243; divider_weight=&#8220;3px&#8220; disabled_on=&#8220;on|on|off&#8220; _builder_version=&#8220;4.16&#8243; max_width=&#8220;80px&#8220; module_alignment=&#8220;center&#8220; height=&#8220;10px&#8220; custom_margin=&#8220;||20px|&#8220; animation_style=&#8220;slide&#8220; animation_direction=&#8220;bottom&#8220; saved_tabs=&#8220;all&#8220; locked=&#8220;off&#8220; global_colors_info=&#8220;{}&#8220;][/et_pb_divider][/et_pb_column][et_pb_column type=&#8220;1_2&#8243; _builder_version=&#8220;4.27.0&#8243; _module_preset=&#8220;default&#8220; global_colors_info=&#8220;{}&#8220;][et_pb_image src=&#8220;https://tierschutz.dachau.net/tsvdah2/wp-content/uploads/2024/11/Emil-484&#215;1024.jpg&#8220; title_text=&#8220;Emil&#8220; _builder_version=&#8220;4.27.3&#8243; _module_preset=&#8220;default&#8220; filter_saturate=&#8220;118%&#8220; filter_brightness=&#8220;117%&#8220; border_radii=&#8220;on|20px|20px|20px|20px&#8220; global_colors_info=&#8220;{}&#8220;][/et_pb_image][/et_pb_column][/et_pb_row][et_pb_row _builder_version=&#8220;4.27.0&#8243; _module_preset=&#8220;default&#8220; background_color=&#8220;#FFFFFF&#8220; global_colors_info=&#8220;{}&#8220;][et_pb_column type=&#8220;4_4&#8243; _builder_version=&#8220;4.27.0&#8243; _module_preset=&#8220;default&#8220; global_colors_info=&#8220;{}&#8220;][dvmd_table_maker tbl_stripes_active=&#8220;on&#8220; tbl_stripes_effect=&#8220;blend&#8220; _builder_version=&#8220;4.27.3&#8243; _dynamic_attributes=&#8220;tbl_title_text&#8220; _module_preset=&#8220;default&#8220; global_colors_info=&#8220;{}&#8220;][dvmd_table_maker_item col_label=&#8220;Feldbeschriftungen&#8220; col_content=&#8220;<br />
Name:<br />
Geschlecht:<br />
Wurftag:<br />
Kastriert:<br />
Besonderheit:<br />
Haltung:&#8220; col_column_max_width=&#8220;0.3fr&#8220; col_column_min_width=&#8220;137px&#8220; col_icon_type=&#8220;&#x47;||divi||400&#8243; _builder_version=&#8220;4.27.3&#8243; _module_preset=&#8220;default&#8220; global_colors_info=&#8220;{}&#8220;][/dvmd_table_maker_item][dvmd_table_maker_item col_label=&#8220;Eingabedaten Tier&#8220; col_content=&#8220;Eckdaten zu Emil<br />
Emil<br />
männlich<br />
10.03.2018<br />
ja<br />
Aufgrund einer Futtermittelallergie benötigt er spezielles Futter<br />
Wohnungskatze&#8220; col_chead_cell_color=&#8220;#a2c516&#8243; _builder_version=&#8220;4.27.3&#8243; _module_preset=&#8220;default&#8220; global_colors_info=&#8220;{}&#8220;][/dvmd_table_maker_item][/dvmd_table_maker][/et_pb_column][/et_pb_row][/et_pb_section][et_pb_section fb_built=&#8220;1&#8243; _builder_version=&#8220;4.27.0&#8243; _module_preset=&#8220;default&#8220; global_colors_info=&#8220;{}&#8220;][et_pb_row _builder_version=&#8220;4.27.0&#8243; _module_preset=&#8220;default&#8220; custom_padding=&#8220;||0px|0px||&#8220; global_colors_info=&#8220;{}&#8220;][et_pb_column type=&#8220;4_4&#8243; _builder_version=&#8220;4.27.0&#8243; _module_preset=&#8220;default&#8220; global_colors_info=&#8220;{}&#8220;][et_pb_text _builder_version=&#8220;4.27.3&#8243; _module_preset=&#8220;default&#8220; width=&#8220;100%&#8220; custom_margin=&#8220;||-111px|||&#8220; custom_padding=&#8220;5px||60px|||&#8220; inline_fonts=&#8220;Arial&#8220; global_colors_info=&#8220;{}&#8220;]</p>
<h2><strong>Emil – Ein tapferer Kämpfer mit großem Herz sucht ein liebevolles Zuhause</strong></h2>
<p>&nbsp;</p>
<p><span style="font-size: large;">Emil, geboren am 10.03.2018, hat in seinem Leben schon einiges durchmachen müssen. Der kastrierte Kater kam zu uns, nachdem er von einem Auto angefahren wurde und seine Besitzer die notwendigen OP-Kosten nicht tragen konnten. Doch Emil hat seinen Lebenswillen nie verloren und zeigt, was für ein Kämpfer er ist.</span></p>
<h4><strong><span style="font-size: large;">Ein Herz aus Gold und eine starke Seele</span></strong></h4>
<p><span style="font-size: large;">Nach einer aufwendigen Operation, bei der zwei Implantate in seinen Hinterlauf eingesetzt wurden, hat Emil seine Zeit der Boxenruhe geduldig überstanden. Mittlerweile kann er wieder gut laufen und genießt seine neue Bewegungsfreiheit. Beim Nachröntgen zeigte sich, dass die Implantate in ca. 6 Monaten entfernt werden können – bis dahin braucht Emil keine besonderen Einschränkungen, sondern nur ein liebevolles Umfeld.</span></p>
<h4><strong><span style="font-size: large;">Ein verschmuster Kater mit besonderen Bedürfnissen</span></strong></h4>
<p><span style="font-size: large;">Emil ist ein äußerst verschmuster und menschenbezogener Kater, der jede Streicheleinheit dankbar annimmt. Seine liebenswerte Art wird Sie schnell in seinen Bann ziehen. Aufgrund einer Futtermittelallergie benötigt Emil spezielles Futter, das ihm jedoch keine weiteren Einschränkungen im Alltag bereitet.</span></p>
<h4><strong><span style="font-size: large;">Ein Zuhause für einen besonderen Kater</span></strong></h4>
<p><span style="font-size: large;">Für Emil suchen wir ein Zuhause, in dem er die Liebe und Fürsorge bekommt, die er verdient. Seine neuen Menschen sollten bereit sein, ihm weiterhin das Spezialfutter bereitzustellen und ihm die Sicherheit zu geben, die er nach seinen schwierigen Erlebnissen so sehr schätzt.</span></p>
<p><span style="font-size: large;">Wenn Sie bereit sind, Emil ein neues Kapitel voller Geborgenheit und Zuneigung zu schenken, freuen wir uns, von Ihnen zu hören. Emil ist bereit, Ihnen mit seinem großen Herzen unendlich viel Liebe zurückzugeben.</span></p>
<p><strong><span style="font-size: large;">Kontaktieren Sie uns – Emil wartet darauf, Ihr Leben mit seiner verschmusten Art zu bereichern.</span></strong></p>
<p><strong><span style="font-family: Arial;"><span style="font-weight: normal; font-size: large;"> </span></span></strong></p>
<h4><strong><span style="font-family: Arial;"><span style="font-weight: normal; font-size: large;"><br /></span></span></strong><strong><span style="font-family: Arial;"><span style="font-weight: normal; font-size: large;"><br /></span></span></strong></h4>
<p>&nbsp;</p>
<p>&nbsp;</p>
<p>&nbsp;</p>
<p>[/et_pb_text][/et_pb_column][/et_pb_row][/et_pb_section][et_pb_section fb_built=&#8220;1&#8243; _builder_version=&#8220;4.27.0&#8243; _module_preset=&#8220;default&#8220; background_color=&#8220;#a2c516&#8243; background_image=&#8220;https://tierschutz.dachau.net/tsvdah2/wp-content/uploads/2024/09/tierschutzverein-dachau-web3.jpg&#8220; background_position=&#8220;top_left&#8220; global_module=&#8220;1212&#8243; saved_tabs=&#8220;all&#8220; global_colors_info=&#8220;{}&#8220;][et_pb_row _builder_version=&#8220;4.27.0&#8243; _module_preset=&#8220;default&#8220; global_colors_info=&#8220;{}&#8220;][et_pb_column type=&#8220;4_4&#8243; _builder_version=&#8220;4.27.0&#8243; _module_preset=&#8220;default&#8220; global_colors_info=&#8220;{}&#8220;][et_pb_button button_url=&#8220;@ET-DC@eyJkeW5hbWljIjp0cnVlLCJjb250ZW50IjoicG9zdF9saW5rX3VybF9wYWdlIiwic2V0dGluZ3MiOnsicG9zdF9pZCI6IjE5MzgifX0=@&#8220; button_text=&#8220;Jetzt Termin vereinbaren&#8220; button_alignment=&#8220;center&#8220; _builder_version=&#8220;4.27.3&#8243; _dynamic_attributes=&#8220;button_url&#8220; _module_preset=&#8220;default&#8220; custom_margin=&#8220;400px||||false|false&#8220; global_colors_info=&#8220;{}&#8220;][/et_pb_button][/et_pb_column][/et_pb_row][/et_pb_section]</p>

<p>Emil<div class="et_pb_module dvmd_table_maker dvmd_table_maker_0 dvmd_tm_version_3_1_2">
				
				
				
				
				
				
				<div class="et_pb_module_inner">
					<div
                    role="table"
                    class="dvmd_tm_table dvmd_preload dvmd_tm_max_width_980 dvmd_tm_breakby_column dvmd_tm_blocks"
                    
                    
                    aria-rowcount="2"
                    aria-colcount="1">
                        <div class="dvmd_tm_tblock dvmd_tm_tblock_0 dvmd_tm_cblock" role="rowgroup">
                        <div class="dvmd_tm_trow dvmd_tm_trow_0" role="row" aria-rowindex="1"><div aria-colindex="1" aria-rowindex="1" role="columnheader" class="dvmd_table_maker_item_0 dvmd_tm_tcell dvmd_tm_rhead dvmd_tm_col_0 dvmd_tm_row_0 dvmd_tm_col_first dvmd_tm_row_first dvmd_tm_col_odd dvmd_tm_row_odd "><div class="dvmd_tm_cdata">Name: Geschlecht: Wurftag: Kastriert: Besonderheit: Haltung:</div></div>
</div><div class="dvmd_tm_trow dvmd_tm_trow_1" role="row" aria-rowindex="2"><div aria-colindex="1" aria-rowindex="2" role="cell" class="dvmd_table_maker_item_1 dvmd_tm_tcell dvmd_tm_tdata dvmd_tm_col_1 dvmd_tm_row_0 dvmd_tm_col_last dvmd_tm_row_first dvmd_tm_col_even dvmd_tm_row_odd "><div class="dvmd_tm_cdata">Eckdaten zu Emil Emil m&auml;nnlich 10.03.2018 ja Aufgrund einer Futtermittelallergie ben&ouml;tigt er spezielles Futter Wohnungskatze</div></div>
</div>
                    </div>
                </div>
				</div>
			</div>Emil – Ein tapferer Kämpfer mit großem Herz sucht ein liebevolles Zuhause &nbsp; Emil, [&hellip;]</p>
