{"id":501,"date":"2024-08-22T21:14:41","date_gmt":"2024-08-22T19:14:41","guid":{"rendered":"http:\/\/wordpress.p675077.webspaceconfig.de\/?page_id=501"},"modified":"2024-10-03T18:11:19","modified_gmt":"2024-10-03T16:11:19","slug":"satzung","status":"publish","type":"page","link":"https:\/\/tierschutz.dachau.net\/?page_id=501","title":{"rendered":"Satzung"},"content":{"rendered":"<p>[et_pb_section fb_built=&#8220;1&#8243; _builder_version=&#8220;4.27.0&#8243; _module_preset=&#8220;default&#8220; global_colors_info=&#8220;{}&#8220;][et_pb_row _builder_version=&#8220;4.27.0&#8243; _module_preset=&#8220;default&#8220; global_colors_info=&#8220;{}&#8220;][et_pb_column type=&#8220;4_4&#8243; _builder_version=&#8220;4.27.0&#8243; _module_preset=&#8220;default&#8220; global_colors_info=&#8220;{}&#8220;][et_pb_heading title=&#8220;Die Satzung des Tierschutzverein Dachau e.V.&#8220; _builder_version=&#8220;4.27.0&#8243; _module_preset=&#8220;default&#8220; global_colors_info=&#8220;{}&#8220;][\/et_pb_heading][\/et_pb_column][\/et_pb_row][et_pb_row column_structure=&#8220;1_2,1_2&#8243; _builder_version=&#8220;4.27.0&#8243; _module_preset=&#8220;default&#8220; global_colors_info=&#8220;{}&#8220;][et_pb_column type=&#8220;1_2&#8243; _builder_version=&#8220;4.27.0&#8243; _module_preset=&#8220;default&#8220; global_colors_info=&#8220;{}&#8220;][et_pb_image src=&#8220;https:\/\/tierschutz.dachau.net\/tsvdah2\/wp-content\/uploads\/2024\/09\/satzung-tierschutzverein-dachau.png&#8220; title_text=&#8220;satzung-tierschutzverein-dachau&#8220; url=&#8220;\/pdfviewer\/satzung-tierschutzverein-dachau-e-v\/?auto_viewer=true#page=&#038;zoom=auto&#038;pagemode=none&#8220; _builder_version=&#8220;4.27.0&#8243; _module_preset=&#8220;default&#8220; global_colors_info=&#8220;{}&#8220;][\/et_pb_image][\/et_pb_column][et_pb_column type=&#8220;1_2&#8243; _builder_version=&#8220;4.27.0&#8243; _module_preset=&#8220;default&#8220; global_colors_info=&#8220;{}&#8220;][et_pb_text _builder_version=&#8220;4.27.0&#8243; _module_preset=&#8220;default&#8220; global_colors_info=&#8220;{}&#8220;]<\/p>\n<p><span style=\"font-size: large;\"><\/span><\/p>\n<p><span style=\"font-size: large;\"><\/span><\/p>\n<p><span style=\"font-size: large;\"><\/span><\/p>\n<p><span style=\"font-size: large;\">Die vorliegende Satzung wurde erstmals in der <strong>Mitgliederversammlung<\/strong> vom 31. Januar 1987 mit der daf\u00fcr erforderlichen Mehrheit beschlossen und l\u00f6ste die Satzung vom <strong>1. Dezember 1980<\/strong> vollst\u00e4ndig ab.<\/span><\/p>\n<p><span style=\"font-size: large;\">In den folgenden Jahren wurde die Satzung durch Beschl\u00fcsse der Mitgliederversammlungen in Dachau an mehreren Terminen ge\u00e4ndert und erg\u00e4nzt: <strong>am 6. Juni 1998, am 22. Juni 2002, am 27. Juni 2015 sowie am 25. Juni 2016.<\/strong><\/span><\/p>\n<p><span style=\"font-size: large;\">Eine grundlegende Neufassung der Satzung erfolgte schlie\u00dflich in der Mitgliederversammlung vom <strong>30. Juni 2018.<\/strong><\/span><\/p>\n<p>[\/et_pb_text][\/et_pb_column][\/et_pb_row][et_pb_row _builder_version=&#8220;4.27.0&#8243; _module_preset=&#8220;default&#8220; global_colors_info=&#8220;{}&#8220;][et_pb_column type=&#8220;4_4&#8243; _builder_version=&#8220;4.27.0&#8243; _module_preset=&#8220;default&#8220; global_colors_info=&#8220;{}&#8220;][et_pb_button button_url=&#8220;\/tsvdah2\/wp-content\/uploads\/2024\/08\/Satzung-des-Tierschutzvereins-Dachau-2018_08_17.pdf&#8220; button_text=&#8220;Satzung \u00f6ffnen&#8220; button_alignment=&#8220;center&#8220; _builder_version=&#8220;4.27.2&#8243; _module_preset=&#8220;default&#8220; hover_enabled=&#8220;0&#8243; global_colors_info=&#8220;{}&#8220; sticky_enabled=&#8220;0&#8243;][\/et_pb_button][\/et_pb_column][\/et_pb_row][\/et_pb_section]<\/p>\n","protected":false},"excerpt":{"rendered":"<p>Die vorliegende Satzung wurde erstmals in der Mitgliederversammlung vom 31. Januar 1987 mit der daf\u00fcr erforderlichen Mehrheit beschlossen und l\u00f6ste die Satzung vom 1. Dezember 1980 vollst\u00e4ndig ab. In den folgenden Jahren wurde die Satzung durch Beschl\u00fcsse der Mitgliederversammlungen in Dachau an mehreren Terminen ge\u00e4ndert und erg\u00e4nzt: am 6. Juni 1998, am 22. Juni 2002, [&hellip;]<\/p>\n","protected":false},"author":1,"featured_media":0,"parent":0,"menu_order":0,"comment_status":"closed","ping_status":"closed","template":"","meta":{"_et_pb_use_builder":"on","_et_pb_old_content":"<!-- wp:divi\/placeholder \/-->","_et_gb_content_width":"","inline_featured_image":false,"footnotes":""},"class_list":["post-501","page","type-page","status-publish","hentry"],"_links":{"self":[{"href":"https:\/\/tierschutz.dachau.net\/index.php?rest_route=\/wp\/v2\/pages\/501","targetHints":{"allow":["GET"]}}],"collection":[{"href":"https:\/\/tierschutz.dachau.net\/index.php?rest_route=\/wp\/v2\/pages"}],"about":[{"href":"https:\/\/tierschutz.dachau.net\/index.php?rest_route=\/wp\/v2\/types\/page"}],"author":[{"embeddable":true,"href":"https:\/\/tierschutz.dachau.net\/index.php?rest_route=\/wp\/v2\/users\/1"}],"replies":[{"embeddable":true,"href":"https:\/\/tierschutz.dachau.net\/index.php?rest_route=%2Fwp%2Fv2%2Fcomments&post=501"}],"version-history":[{"count":8,"href":"https:\/\/tierschutz.dachau.net\/index.php?rest_route=\/wp\/v2\/pages\/501\/revisions"}],"predecessor-version":[{"id":28336,"href":"https:\/\/tierschutz.dachau.net\/index.php?rest_route=\/wp\/v2\/pages\/501\/revisions\/28336"}],"wp:attachment":[{"href":"https:\/\/tierschutz.dachau.net\/index.php?rest_route=%2Fwp%2Fv2%2Fmedia&parent=501"}],"curies":[{"name":"wp","href":"https:\/\/api.w.org\/{rel}","templated":true}]}}