{"id":422,"date":"2024-08-22T16:17:30","date_gmt":"2024-08-22T14:17:30","guid":{"rendered":"http:\/\/wordpress.p675077.webspaceconfig.de\/?page_id=422"},"modified":"2024-12-03T16:12:57","modified_gmt":"2024-12-03T15:12:57","slug":"impressum","status":"publish","type":"page","link":"https:\/\/tierschutz.dachau.net\/?page_id=422","title":{"rendered":"Impressum"},"content":{"rendered":"<p>[et_pb_section fb_built=&#8220;1&#8243; admin_label=&#8220;section&#8220; _builder_version=&#8220;4.16&#8243; global_colors_info=&#8220;{}&#8220;][et_pb_row admin_label=&#8220;row&#8220; _builder_version=&#8220;4.16&#8243; background_size=&#8220;initial&#8220; background_position=&#8220;top_left&#8220; background_repeat=&#8220;repeat&#8220; global_colors_info=&#8220;{}&#8220;][et_pb_column type=&#8220;4_4&#8243; _builder_version=&#8220;4.16&#8243; custom_padding=&#8220;|||&#8220; global_colors_info=&#8220;{}&#8220; custom_padding__hover=&#8220;|||&#8220;][et_pb_text admin_label=&#8220;Text&#8220; _builder_version=&#8220;4.27.4&#8243; background_size=&#8220;initial&#8220; background_position=&#8220;top_left&#8220; background_repeat=&#8220;repeat&#8220; hover_enabled=&#8220;0&#8243; inline_fonts=&#8220;Arial&#8220; global_colors_info=&#8220;{}&#8220; sticky_enabled=&#8220;0&#8243;]<\/p>\n<h3><strong>Impressum<\/strong><\/h3>\n<p><span style=\"font-size: large;\">Dies sind die offiziellen Internetseiten des<\/span><\/p>\n<p><strong><span style=\"font-size: large;\">Tierschutzvereins Dachau e.V.<\/span><\/strong><br \/><span style=\"font-size: large;\">Ro\u00dfwachtstr 33<\/span><br \/><span style=\"font-size: large;\">D-85221 Dachau<\/span><\/p>\n<p><span style=\"font-size: large;\"><strong><span style=\"font-family: Arial;\">Telefon:<\/span><\/strong> +49 (0)8131 \/ 53610<\/span><br \/><span style=\"font-size: large;\"><strong>Telefax:<\/strong> +49 (0)8131 \/ 53650<\/span><br \/><span style=\"font-size: large;\"><strong>Email:<\/strong> <a href=\"mailto:Tierschutz@dachau.net\">Tierschutz@dachau.net<\/a><\/span><\/p>\n<p><span style=\"font-size: large;\"><strong>Vereinsregister-Nr.:<\/strong> VR 20203, Stadt Dachau<\/span><\/p>\n<p><span style=\"font-size: large;\"><strong>1. Vorsitzende:<\/strong> Silvia Gruber<br \/><strong>2. Vorsitzender:<\/strong> Helmut Zeller<\/span><br \/><span style=\"font-size: large;\"><strong>3. Vorsitzende:<\/strong> Gabrijela Pankarz\u00a0<\/span><span style=\"font-size: large;\"><\/span><\/p>\n<p><span style=\"font-size: large;\"><\/span><\/p>\n<h3><span style=\"font-size: large;\"><\/span><strong>Dachverb\u00e4nde Deutschland:<\/strong><\/h3>\n<p><span style=\"font-size: large;\"><a href=\"https:\/\/www.tierschutzbund.de\/\"><img loading=\"lazy\" decoding=\"async\" src=\"https:\/\/tierschutz.dachau.net\/tsvdah2\/wp-content\/uploads\/2024\/10\/dtsb-dachau-150x150.png\" width=\"138\" height=\"138\" alt=\"\" class=\"wp-image-28216 alignnone size-thumbnail\" \/><\/a>\u00a0 \u00a0 \u00a0 \u00a0 \u00a0 \u00a0 <a href=\"https:\/\/tierschutz-bayern.de\/\"><img loading=\"lazy\" decoding=\"async\" src=\"https:\/\/tierschutz.dachau.net\/tsvdah2\/wp-content\/uploads\/2024\/10\/tsbbayern-dachau.png\" width=\"226\" height=\"152\" alt=\"\" class=\"wp-image-28214 alignnone size-full\" \/><\/a><a href=\"https:\/\/tierschutz.dachau.net\/tsvdah2\/wp-content\/uploads\/2024\/10\/tsbbayern-dachau.png\"><\/a> <\/span><\/p>\n<p><span style=\"font-size: large;\"><\/span><\/p>\n<p><span style=\"font-size: large;\"><\/span><\/p>\n<p><span style=\"font-size: large;\"><\/span><\/p>\n<p><span style=\"font-size: large;\">Alle Texte und Bilder auf unseren Seiten unterliegen dem Urheberrecht. Ver\u00f6ffentlichung, Verbreitung, Nachdruck oder Reproduktion in jeder Form nur mit ausdr\u00fccklicher Genehmigung. Bitte wenden Sie sich an <em>tierschutz@dachau.net<\/em><\/span><\/p>\n<p><span style=\"font-size: large;\">Mit Urteil vom 12. Mai 1998 hat das Landgericht Hamburg entschieden, dass man durch die Ausbringung eines Links die Inhalte der gelinkten Seite ggf. mit zu verantworten hat. Dies kann, so das Landgericht, nur dadurch verhindert werden, dass man sich ausdr\u00fccklich von diesen Inhalten distanziert.<\/span><br \/><span style=\"font-size: large;\">Auf unseren Seiten existieren Querverweise (Links) zu anderen Seiten im Internet. Der Tierschutzverein Dachau e. V. wei\u00dft ausdr\u00fccklich darauf hin, dass er keinerlei Einfluss auf die Gestaltung und die Inhalte der gelinkten Seiten hat. Deshalb distanzieren wir uns hiermit ausdr\u00fccklich von den Inhalten der Seiten, auf die von unseren Seiten verwiesen wird. Diese Erkl\u00e4rung gilt f\u00fcr alle auf den Seiten des Tierschutzverein Dachau e. V. vorhandenen Links.<\/span><\/p>\n<p><span style=\"font-size: large;\">Wir versuchen diese Seiten so aktuell wie m\u00f6glich zu halten.<\/span><br \/><span style=\"font-size: large;\">Namentlich gekennzeichnete Beitr\u00e4ge geben nicht unbedingt die Meinung des Tierschutzvereins Dachau wieder.<\/span><\/p>\n<p><span style=\"font-size: large;\"><\/span><\/p>\n<p><span style=\"font-size: large;\"><\/span><\/p>\n<p><span style=\"font-size: large;\"><\/span><\/p>\n<p><span style=\"font-size: large;\"><\/span><\/p>\n<p><span style=\"font-size: large;\"><\/span><\/p>\n<p><span style=\"font-size: large;\"><strong>Systembetreuung:<\/strong><\/span><br \/><span style=\"font-size: large;\">Die <span style=\"text-decoration: underline;\"><a href=\"https:\/\/www.rbs-netkom.de\">RBSNetkom Dachau<\/a><\/span> hat den IT-Support des Tierheims \u00fcbernommen. Daf\u00fcr danken wir sehr herzlich!<\/span><\/p>\n<p><span style=\"font-size: large;\"><\/span><\/p>\n<p><span style=\"font-size: large;\"><\/span><\/p>\n<p><span style=\"font-size: large;\"><\/span><\/p>\n<p><span style=\"font-size: large;\"><strong>Webhosting:<\/strong><strong><\/strong><\/span><\/p>\n<p><span style=\"font-size: large;\">Wir danken dem <span style=\"text-decoration: underline;\"><a href=\"https:\/\/dachau.net\">B\u00fcrgernetz Dachau e. V.<\/a><\/span> f\u00fcr die super-freundliche Unterst\u00fctzung!!<\/span><\/p>\n<p><span style=\"font-size: large;\"><\/span><\/p>\n<p><strong><span style=\"font-size: large;\">Bildquellen:<\/span><\/strong><br \/><span style=\"font-size: large;\">ChatGPT &amp; Image Generator von NAIF J ALOTAIBI, DALL-E (Manfred Sulzmann), Testament-Seite Canva-Team by halfpoint, Mitglied werden by Canva-Team chengdongshan, \u00a0div. zur Verf\u00fcgung gestellte priv. Aufnahmen, <span style=\"text-decoration: underline;\"><a href=\"https:\/\/www.hundefotografie-muenchen.de\/Profil\">Hundefotografie Stefanie Hartge<\/a><\/span><\/span><\/p>\n<p>&nbsp;<\/p>\n<p>[\/et_pb_text][\/et_pb_column][\/et_pb_row][\/et_pb_section]<\/p>\n","protected":false},"excerpt":{"rendered":"<p>Impressum Dies sind die offiziellen Internetseiten des Tierschutzvereins Dachau e.V.Ro\u00dfwachtstr 33D-85221 Dachau Telefon: +49 (0)8131 \/ 53610Telefax: +49 (0)8131 \/ 53650Email: Tierschutz@dachau.net Vereinsregister-Nr.: VR 20203, Stadt Dachau 1. Vorsitzende: Silvia Gruber2. Vorsitzender: Helmut Zeller3. Vorsitzende: Gabrijela Pankarz\u00a0 Dachverb\u00e4nde Deutschland: \u00a0 \u00a0 \u00a0 \u00a0 \u00a0 \u00a0 Alle Texte und Bilder auf unseren Seiten unterliegen dem Urheberrecht. [&hellip;]<\/p>\n","protected":false},"author":1,"featured_media":0,"parent":0,"menu_order":0,"comment_status":"closed","ping_status":"closed","template":"","meta":{"_et_pb_use_builder":"on","_et_pb_old_content":"<!-- wp:divi\/placeholder \/-->","_et_gb_content_width":"","inline_featured_image":false,"footnotes":""},"class_list":["post-422","page","type-page","status-publish","hentry"],"_links":{"self":[{"href":"https:\/\/tierschutz.dachau.net\/index.php?rest_route=\/wp\/v2\/pages\/422","targetHints":{"allow":["GET"]}}],"collection":[{"href":"https:\/\/tierschutz.dachau.net\/index.php?rest_route=\/wp\/v2\/pages"}],"about":[{"href":"https:\/\/tierschutz.dachau.net\/index.php?rest_route=\/wp\/v2\/types\/page"}],"author":[{"embeddable":true,"href":"https:\/\/tierschutz.dachau.net\/index.php?rest_route=\/wp\/v2\/users\/1"}],"replies":[{"embeddable":true,"href":"https:\/\/tierschutz.dachau.net\/index.php?rest_route=%2Fwp%2Fv2%2Fcomments&post=422"}],"version-history":[{"count":25,"href":"https:\/\/tierschutz.dachau.net\/index.php?rest_route=\/wp\/v2\/pages\/422\/revisions"}],"predecessor-version":[{"id":28807,"href":"https:\/\/tierschutz.dachau.net\/index.php?rest_route=\/wp\/v2\/pages\/422\/revisions\/28807"}],"wp:attachment":[{"href":"https:\/\/tierschutz.dachau.net\/index.php?rest_route=%2Fwp%2Fv2%2Fmedia&parent=422"}],"curies":[{"name":"wp","href":"https:\/\/api.w.org\/{rel}","templated":true}]}}