{"id":1126,"date":"2024-08-24T22:35:11","date_gmt":"2024-08-24T20:35:11","guid":{"rendered":"http:\/\/wordpress.p675077.webspaceconfig.de\/?page_id=1126"},"modified":"2025-10-03T20:16:44","modified_gmt":"2025-10-03T18:16:44","slug":"tiervermittlung","status":"publish","type":"page","link":"https:\/\/tierschutz.dachau.net\/?page_id=1126","title":{"rendered":"Tiervermittlung"},"content":{"rendered":"<p>[et_pb_section fb_built=&#8220;1&#8243; _builder_version=&#8220;4.27.4&#8243; _module_preset=&#8220;default&#8220; background_image=&#8220;https:\/\/tierschutz.dachau.net\/tsvdah2\/wp-content\/uploads\/2024\/10\/background-rat.jpg&#8220; background_size=&#8220;contain&#8220; background_position=&#8220;bottom_left&#8220; background_horizontal_offset=&#8220;19%&#8220; global_colors_info=&#8220;{}&#8220;][et_pb_row column_structure=&#8220;1_3,1_3,1_3&#8243; _builder_version=&#8220;4.27.0&#8243; _module_preset=&#8220;default&#8220; global_colors_info=&#8220;{}&#8220;][et_pb_column type=&#8220;1_3&#8243; _builder_version=&#8220;4.27.0&#8243; _module_preset=&#8220;default&#8220; global_colors_info=&#8220;{}&#8220;][et_pb_text _builder_version=&#8220;4.27.0&#8243; _module_preset=&#8220;default&#8220; global_colors_info=&#8220;{}&#8220;]<\/p>\n<h6><span style=\"color: #ff6600;\">HELFEN UND VERSTEHEN<\/span><\/h6>\n<h1><span>Adoptieren statt kaufen \u2013 Finden Sie Ihre treue Seele im Tierheim Dachau!<\/span><\/h1>\n<p>[\/et_pb_text][\/et_pb_column][et_pb_column type=&#8220;1_3&#8243; _builder_version=&#8220;4.27.0&#8243; _module_preset=&#8220;default&#8220; global_colors_info=&#8220;{}&#8220;][et_pb_text _builder_version=&#8220;4.27.0&#8243; _module_preset=&#8220;default&#8220; custom_padding=&#8220;||0px||false|false&#8220; global_colors_info=&#8220;{}&#8220;]<\/p>\n<p><span style=\"font-size: large;\"><span>Sch\u00f6n Sie hier zu begr\u00fcssen! Hier finden Sie unsere Tiere, die dringend ein liebevolles Zuhause suchen. Jedes dieser wunderbaren Wesen hat seine eigene Geschichte und wartet darauf, ein neues Kapitel an Ihrer Seite zu beginnen<\/span>.<\/span><\/p>\n<p>[\/et_pb_text][\/et_pb_column][et_pb_column type=&#8220;1_3&#8243; _builder_version=&#8220;4.27.0&#8243; _module_preset=&#8220;default&#8220; global_colors_info=&#8220;{}&#8220;][et_pb_text _builder_version=&#8220;4.27.0&#8243; _module_preset=&#8220;default&#8220; global_colors_info=&#8220;{}&#8220;]<\/p>\n<p><span style=\"font-size: large;\"><span> Egal, ob Sie nach einem verspielten K\u00e4tzchen, einem treuen Hund oder einem anderen tierischen Begleiter suchen<\/span><\/span><span style=\"font-size: large;\"><span>\u00a0\u2013 hier haben Sie die Chance, einem Tier ein neues Leben voller Liebe und Geborgenheit zu schenken.<\/span><\/span><\/p>\n<p>[\/et_pb_text][\/et_pb_column][\/et_pb_row][\/et_pb_section][et_pb_section fb_built=&#8220;1&#8243; _builder_version=&#8220;4.27.0&#8243; _module_preset=&#8220;default&#8220; background_color=&#8220;#f2f2f2&#8243; custom_margin=&#8220;||||false|false&#8220; custom_padding=&#8220;69px|||||&#8220; global_module=&#8220;1587&#8243; saved_tabs=&#8220;all&#8220; global_colors_info=&#8220;{}&#8220;][et_pb_row _builder_version=&#8220;4.27.0&#8243; _module_preset=&#8220;default&#8220; custom_margin=&#8220;-133px||||false|false&#8220; global_colors_info=&#8220;{}&#8220;][et_pb_column type=&#8220;4_4&#8243; _builder_version=&#8220;4.27.0&#8243; _module_preset=&#8220;default&#8220; global_colors_info=&#8220;{}&#8220;][et_pb_filterable_portfolio fullwidth=&#8220;off&#8220; posts_number=&#8220;100&#8243; include_categories=&#8220;18,19,40&#8243; show_categories=&#8220;off&#8220; show_pagination=&#8220;off&#8220; hover_icon=&#8220;&#xf1b0;||fa||900&#8243; _builder_version=&#8220;4.27.4&#8243; _module_preset=&#8220;default&#8220; title_level=&#8220;h3&#8243; title_font=&#8220;Arial||||||||&#8220; filter_font=&#8220;Arial|&#8211;et_global_body_font_weight||on|||||&#8220; filter_text_color=&#8220;gcid-secondary-color&#8220; filter_font_size=&#8220;15px&#8220; caption_font=&#8220;Arial||||||||&#8220; pagination_font=&#8220;Arial||||||||&#8220; background_color=&#8220;#f2f2f2&#8243; custom_margin=&#8220;100px||||false|false&#8220; border_width_all_image=&#8220;1px&#8220; border_color_all_image=&#8220;RGBA(255,255,255,0)&#8220; box_shadow_style_image=&#8220;preset2&#8243; box_shadow_spread_image=&#8220;-4px&#8220; global_colors_info=&#8220;{%22gcid-secondary-color%22:%91%22filter_text_color%22%93}&#8220;][\/et_pb_filterable_portfolio][\/et_pb_column][\/et_pb_row][et_pb_row _builder_version=&#8220;4.27.2&#8243; _module_preset=&#8220;default&#8220; global_colors_info=&#8220;{}&#8220;][et_pb_column type=&#8220;4_4&#8243; _builder_version=&#8220;4.27.2&#8243; _module_preset=&#8220;default&#8220; global_colors_info=&#8220;{}&#8220;][et_pb_text _builder_version=&#8220;4.27.4&#8243; _module_preset=&#8220;default&#8220; global_colors_info=&#8220;{}&#8220;]<\/p>\n<p><span style=\"font-size: large;\"><\/span><\/p>\n<h2>Informationen zum Ablauf einer Adoption<span style=\"font-size: large;\"><\/span><\/h2>\n<p><span style=\"font-size: large;\"><\/span><\/p>\n<p><span style=\"font-size: large;\"><\/span><\/p>\n<p><span style=\"font-size: large;\">Sie wollen einem unserer Tiere ein \u201eF\u00fcr-immer-Zuhause\u201c geben und entscheiden sich f\u00fcr eine Tieradoption?<\/span><\/p>\n<p><span style=\"font-size: large;\"><br \/>Nachstehend informieren wir Sie \u00fcber den <strong>Ablauf einer Tiervermittlung.<\/strong><\/span><\/p>\n<ul>\n<li><span style=\"font-size: large;\">Wenn Sie ein Tier adoptieren m\u00f6chten bzw. \u201eIhr\u201c Tier schon auf unserer Homepage gefunden haben, dann nehmen Sie bitte mit uns Kontakt auf.<\/span><\/li>\n<li><span style=\"font-size: large;\">Termine bitte <span style=\"text-decoration: underline;\">nur<\/span> per Mail an buero@tierschutzverein-dachau.de oder <span style=\"text-decoration: underline; color: #0066b3;\"><strong>Kontaktformular\u2192<\/strong><\/span>\u00a0anfragen. Damit entlasten Sie unser B\u00fcro und wir k\u00f6nnen Ihre Anfrage optimal an unsere Tierpflegerinnen weitergeben.<\/span><\/li>\n<li><span style=\"font-size: large;\">Bitte f\u00fcllen Sie diese <span style=\"text-decoration: underline;\"><strong><a href=\"\/tsvdah2\/wp-content\/uploads\/2024\/10\/Selbstauskunft-Tierschutzverein-Dachau-web-1.pdf\" target=\"_blank\" rel=\"noopener\" title=\"Selbstauskunft\">Selbstauskunft\u2192\u00a0<\/a><\/strong><\/span> aus und schicken uns diese <span style=\"text-decoration: underline; color: #0066b3;\"><strong>vor<\/strong><\/span> Ihrem Termin per E-Mail an <strong><em>buero@tierschutzverein-dachau.de<\/em><\/strong><br \/><\/span><br \/><span style=\"font-size: large;\"><span style=\"font-size: large;\"><span style=\"font-size: large;\"><span style=\"color: #ff6600;\"><strong>Eine Selbstauskunft ist bei der Adoption eines Tieres unerl\u00e4sslich.<\/strong><\/span><\/span><\/span><\/span><strong><\/strong><span style=\"font-size: large;\"><span style=\"font-size: large;\"><span style=\"color: #ff6600;\"><strong><\/strong><\/span><\/span><\/span><\/li>\n<li><span style=\"font-size: large;\">Bei Ihrem Besuch im Tierheim werden Ihnen dann die Tiere der Tierart, f\u00fcr die Sie sich interessieren oder Ihr gew\u00fcnschtes Tier vorgestellt. Nach dem Gespr\u00e4ch k\u00f6nnen Sie noch Zeit mit Ihrem k\u00fcnftigen tierischen Mitbewohner verbringen. Abh\u00e4ngig von der jeweiligen Tierart und dem Charakter des Tieres, sind unter Umst\u00e4nden mehrere \u201eKennenlern-Termine\u201c erforderlich. Sie k\u00f6nnen, aber m\u00fcssen sich auch nicht sofort f\u00fcr ein Tier entscheiden. <\/span><strong style=\"font-size: 14px; text-decoration: underline;\"><strong style=\"font-size: 14px; text-decoration: underline;\"><span style=\"font-size: large;\">Keinesfalls ist es jedoch m\u00f6glich, dass Sie das Tier sofort mit nach Hause nehmen.<\/span><\/strong><\/strong>\u00a0<\/li>\n<\/ul>\n<p><span style=\"text-decoration: underline;\"><strong><span style=\"font-size: large;\"><\/span><\/strong><\/span><\/p>\n<p><span style=\"font-size: large;\">Bevor einer unserer Sch\u00fctzlinge bei Ihnen einzieht, erfolgt zeitnah eine Platzkontrolle, die entweder durch ehrenamtliche Mitarbeiter oder Mitarbeiter des Tierheims durchgef\u00fchrt wird.<br \/><\/span><\/p>\n<p><span style=\"font-size: large;\"><\/span><\/p>\n<ul>\n<li><span style=\"font-size: large;\"><span style=\"font-size: large;\"><span style=\"font-size: large;\"><span style=\"font-size: large;\">Bei \u00dcbernahme des Tieres wird ein \u201eAbgabevertrag\u201c zwischen Ihnen und dem Tierschutzverein Dachau e.V. geschlossen und eine Abgabespende ist zu entrichten.<\/span><\/span><\/span><\/span><\/li>\n<li><span style=\"font-size: large;\">Bei unseren Tiervermittlungen steht das Wohl der Tiere an erster Stelle. Alle unsere Tiere haben ihre Geschichte, wenn sie im Tierheim ankommen. Ihre Vergangenheit flie\u00dft bei den Vermittlungen mit ein, ebenso bei Freig\u00e4ngerkatzen die Umgebung (Verkehrsaufkommen).<\/span><br \/><span style=\"font-size: large;\">\u00a0<\/span><br \/><span style=\"font-size: large;\">Bitte haben Sie hierf\u00fcr Verst\u00e4ndnis. <strong>Vielen Dank.<\/strong><\/span><\/li>\n<\/ul>\n<p>[\/et_pb_text][\/et_pb_column][\/et_pb_row][et_pb_row _builder_version=&#8220;4.27.2&#8243; _module_preset=&#8220;default&#8220; global_colors_info=&#8220;{}&#8220;][et_pb_column type=&#8220;4_4&#8243; _builder_version=&#8220;4.27.2&#8243; _module_preset=&#8220;default&#8220; global_colors_info=&#8220;{}&#8220;][et_pb_code _builder_version=&#8220;4.27.2&#8243; _module_preset=&#8220;default&#8220; text_orientation=&#8220;center&#8220; global_colors_info=&#8220;{}&#8220;]<\/p>\n<h3>Unterst\u00fctzen Sie uns bitte mit einer kleinen Spenden via PayPal. <!-- [et_pb_line_break_holder] --><!\u2013- [et_pb_br_holder] -\u2013>Jede Hilfe z\u00e4hlt!<!\u2013- [et_pb_br_holder] -\u2013><!\u2013- [et_pb_br_holder] -\u2013><!\u2013- [et_pb_br_holder] -\u2013><!-- [et_pb_line_break_holder] --><\/p>\n<form action=\"https:\/\/www.paypal.com\/cgi-bin\/webscr\" method=\"post\" target=\"_blank\" class=\"auto-style44\"><!-- [et_pb_line_break_holder] -->\t\t\t<input type=\"hidden\" name=\"cmd\" value=\"_s-xclick\"><!-- [et_pb_line_break_holder] -->\t\t\t<input type=\"hidden\" name=\"hosted_button_id\" value=\"C4FR87MZ5MKUL\"><!-- [et_pb_line_break_holder] -->\t\t\t<input type=\"image\" src=\"https:\/\/www.paypalobjects.com\/de_DE\/DE\/i\/btn\/btn_donateCC_LG.gif\" border=\"0\" name=\"submit\" alt=\"Jetzt einfach, schnell und sicher online bezahlen \u2013 mit PayPal.\"><!-- [et_pb_line_break_holder] -->\t\t\t<img loading=\"lazy\" decoding=\"async\" alt=\"\" border=\"0\" src=\"https:\/\/www.paypalobjects.com\/de_DE\/i\/scr\/pixel.gif\" width=\"1\" height=\"1\"><!-- [et_pb_line_break_holder] -->\t\t<\/form>\n<p>[\/et_pb_code][\/et_pb_column][\/et_pb_row][\/et_pb_section]<\/p>\n","protected":false},"excerpt":{"rendered":"<p>HELFEN UND VERSTEHEN Adoptieren statt kaufen \u2013 Finden Sie Ihre treue Seele im Tierheim Dachau!Sch\u00f6n Sie hier zu begr\u00fcssen! Hier finden Sie unsere Tiere, die dringend ein liebevolles Zuhause suchen. Jedes dieser wunderbaren Wesen hat seine eigene Geschichte und wartet darauf, ein neues Kapitel an Ihrer Seite zu beginnen. Egal, ob Sie nach einem verspielten [&hellip;]<\/p>\n","protected":false},"author":1,"featured_media":30029,"parent":0,"menu_order":0,"comment_status":"closed","ping_status":"closed","template":"","meta":{"_et_pb_use_builder":"on","_et_pb_old_content":"","_et_gb_content_width":"","inline_featured_image":false,"footnotes":""},"class_list":["post-1126","page","type-page","status-publish","has-post-thumbnail","hentry"],"_links":{"self":[{"href":"https:\/\/tierschutz.dachau.net\/index.php?rest_route=\/wp\/v2\/pages\/1126","targetHints":{"allow":["GET"]}}],"collection":[{"href":"https:\/\/tierschutz.dachau.net\/index.php?rest_route=\/wp\/v2\/pages"}],"about":[{"href":"https:\/\/tierschutz.dachau.net\/index.php?rest_route=\/wp\/v2\/types\/page"}],"author":[{"embeddable":true,"href":"https:\/\/tierschutz.dachau.net\/index.php?rest_route=\/wp\/v2\/users\/1"}],"replies":[{"embeddable":true,"href":"https:\/\/tierschutz.dachau.net\/index.php?rest_route=%2Fwp%2Fv2%2Fcomments&post=1126"}],"version-history":[{"count":69,"href":"https:\/\/tierschutz.dachau.net\/index.php?rest_route=\/wp\/v2\/pages\/1126\/revisions"}],"predecessor-version":[{"id":30041,"href":"https:\/\/tierschutz.dachau.net\/index.php?rest_route=\/wp\/v2\/pages\/1126\/revisions\/30041"}],"wp:featuredmedia":[{"embeddable":true,"href":"https:\/\/tierschutz.dachau.net\/index.php?rest_route=\/wp\/v2\/media\/30029"}],"wp:attachment":[{"href":"https:\/\/tierschutz.dachau.net\/index.php?rest_route=%2Fwp%2Fv2%2Fmedia&parent=1126"}],"curies":[{"name":"wp","href":"https:\/\/api.w.org\/{rel}","templated":true}]}}